 n*((-3)/((-18)/(-50)) + -3)?
1
Let g = -7209 + 12572. What is the tens digit of g?
6
Let z(v) be the second derivative of -v**3/3 - 43*v**2/2 - 11*v. Let a be z(-23). Suppose -4*q = 4*i - 2*i - 316, 150 = 2*q - a*i. What is the units digit of q?
8
Suppose 2*g = 6*g + 576. Let r = g - -439. What is the tens digit of r?
9
Let d(v) = -50*v - 37. Suppose 15*f + 4 = -101. What is the tens digit of d(f)?
1
Let g(h) = 213*h - 5. Let y be g(-7). Let r = -953 - y. What is the hundreds digit of r?
5
Let d be (-1)/(2/30)*16/16. Let j = d + 832. What is the units digit of j?
7
Let h = 1020 - 654. Let v = h - -257. What is the tens digit of v?
2
Let i(h) = -14*h**2 - 8*h + 7. Let y be i(6). Let b = y - -770. Let a = b + -138. What is the tens digit of a?
8
What is the thousands digit of (-2708 + 2)/((-74)/851)?
1
Suppose 4*c - 2*u + 39 = 197, 2*c - 5*u - 75 = 0. Suppose -35*f + c*f - 1570 = 0. What is the hundreds digit of f?
3
Let k = -715 + -34. Let q = 1124 + k. Suppose 2*v + 4*b - 180 = 0, 5*v - q = 5*b - 0*b. What is the units digit of v?
0
Let g(h) = 11*h - 13. Let n be g(5). Suppose 4*m + 26 = n. What is the units digit of m/(-14) + (-247)/(-7) - -3?
8
Let i(y) = y**3 - 2*y**2 - 12*y + 3. Let k be i(6). Suppose 0 = -4*r + 5 + k. Suppose -j = -r - 51. What is the tens digit of j?
7
Let x = 213 + -211. Suppose -x*u = -f - 1175, u + 8*f - 3*f - 615 = 0. What is the units digit of u?
0
Let u(r) = -r**3 + r**2 + 7*r - 3. Let n be u(3). Suppose -9*j + 2*j + 14 = n. Suppose -4*w + 522 = 2*k, -119 - 133 = -j*w - 4*k. What is the tens digit of w?
3
What is the hundreds digit of -13 - -14 - (-1)/(2/61110)?
5
Let s(g) = -15*g + 5. Let z be s(7). Let t be (z/60)/(1/(-3)). Suppose 184 = 7*w - t*w. What is the tens digit of w?
9
Let i(q) = -q**2 - 12*q + 9. Let j be i(-13). Let y(l) = -4*l**3 - l**2 - 6*l + 5. Let m be y(j). Let u = -153 + m. What is the units digit of u?
6
Let c = 1 + 3. Suppose -5*a = -3*h - 1104, -c*h + 423 = 2*a + h. What is the units digit of a?
9
Let r(x) = -x**2 - 3*x + 9. Let u be r(-4). Suppose -37 = 4*l + u*z - 162, 4*z = -5*l + 145. Suppose 243 = 2*b + l. What is the hundreds digit of b?
1
Let l(x) = 100*x + 65. Let d(z) = -201*z - 129. Let q(u) = -6*d(u) - 13*l(u). What is the hundreds digit of q(-7)?
5
Let f(s) = s**2 - 2*s - 8. Let i be f(-4). Suppose 77*z = 73*z + i. Suppose 0 = z*p - 9*p + 1015. What is the hundreds digit of p?
2
Suppose -4*m - 8 = 0, -4*u - 7*m = -5*m + 3436. Let o = 1326 + u. Suppose -7*f + 9*f - o = 0. What is the units digit of f?
4
Suppose -5*m = -f - 30938, -41*m + 40*m = -9*f - 6214. What is the hundreds digit of m?
1
Suppose 8*o - 11*o + 37123 = 13615. What is the tens digit of o?
3
Let k(s) = -1. Let g(v) = 16*v + 10. Let b(o) = -g(o) - 10*k(o). Let w be b(-13). Let d = w - 148. What is the units digit of d?
0
Suppose -12*s - 23*s + 59430 = 0. Suppose 4*t - s = -2*f, -f - 3*t + 2559 = 2*f. What is the tens digit of f?
5
Let b be (-8708)/(-10) + (5 - 319/55). Suppose 9*r = b + 15294. What is the thousands digit of r?
1
Suppose 0 = 197*a - 200*a. Suppose 2*r + 435 + 259 = 2*w, a = -r. What is the hundreds digit of w?
3
Suppose 701162 = 103*p + 87*p - 2516108. What is the units digit of p?
3
Let s(c) = -c**3 - 2*c**2 - c + 2. Let g be s(-3). Suppose 0 = -4*n + 46 - g. Let o(z) = -z**3 + 7*z**2 + 7*z + 11. What is the units digit of o(n)?
3
Suppose -4*c + 5*f = f - 45692, 5*f - 25 = 0. What is the ten thousands digit of c?
1
Let o(s) = s**2 - 2*s - 3. Let h be o(-2). Let v be ((-7)/(-6) + (-21)/42)*21/(-14). What is the units digit of v + h + 9 + 1?
4
Let o(k) = k**2 + 116*k - 59. What is the thousands digit of o(24)?
3
Suppose 5*k - 1646 = -6. Suppose 2*c - 4*t = -k, -8*c + 3*c - 798 = t. Let q = c + 267. What is the hundreds digit of q?
1
Let l(d) = -d**2 - 31*d - 48. Let k be l(-29). Suppose k*p + 1690 = 15*p. What is the tens digit of p?
3
Let a be (-142)/(-1)*2/8*-2. Let b = 71 + a. Suppose 3*r - 2*r + 2*c - 121 = 0, 5*c = b. What is the tens digit of r?
2
Let p be ((-51)/(-238) - (-2)/7)*26. Suppose -17*i = -p*i + 16. What is the hundreds digit of ((-18)/i)/(2/72)?
1
Suppose -3*c + 1 + 8 = 0, -2*p + 945 = -c. Let g = -206 + p. What is the hundreds digit of g?
2
What is the tens digit of ((-13)/(-6) + 40/120)*(-2 - -36)?
8
Let o(g) = -253*g + 24. Let b = 29 - 30. What is the tens digit of o(b)?
7
Let y(s) = -s**3 + 7*s**2 - 13. Let x be y(5). Let h = x - 48. What is the units digit of 3*((-44)/24)/h*410?
5
Let g(o) = 30*o + 22. Let w be 21/6 - 30/20. Let a = w - -3. What is the tens digit of g(a)?
7
Let h be 16/12*(4 - (-10)/(-4)). Suppose w - q - 829 = 0, -853 = -h*w + 3*q + 800. What is the units digit of w?
4
Suppose b + 25 = 5*q, 15 = -2*q - 2*b + 13. Suppose -5*l + 4284 = q*p, 2*l - 3*p - 1710 = -p. What is the hundreds digit of l?
8
Let m be ((-52)/(-65))/((-2)/205). Let w = 227 + -82. Let x = w + m. What is the tens digit of x?
6
Let s = 83 - 55. Suppose 14*h = 2*h. Suppose s*c - 26*c - 318 = h. What is the tens digit of c?
5
Let i(g) = -g**3 + 10*g**2 + 11*g + 1. Let c = 48 - 37. Let f be i(c). What is the units digit of (5/(-20))/f - (-402)/8?
0
Suppose -141*p + 66*p = -79*p + 11696. What is the tens digit of p?
2
Suppose -2*g + 1604 = 5*z, 37*z = 38*z + 3*g - 313. Let f(b) = -28*b - 4. Let p be f(8). Let m = z + p. What is the tens digit of m?
9
Suppose -32*m + 7*m + 114884 = -578666. What is the ten thousands digit of m?
2
Suppose 18622 = -4*l + 6314. Let x = l + 4472. Suppose -x = -7*b + 89. What is the units digit of b?
2
Suppose -5*g = -2*p + 26992 - 7003, 5*g = 5*p - 49980. What is the thousands digit of p?
9
Let a = -2160 - -951. Let d = -601 - a. What is the hundreds digit of d?
6
Let h = 4469 + -3638. What is the hundreds digit of h?
8
Suppose 42*c - 47*c = -20965. What is the tens digit of c?
9
Suppose 63*v = 20*v + 173333. What is the thousands digit of v?
4
Let o be (-7 - (-147)/2)*(37 - 1). Suppose 43*u = 36*u + o. What is the units digit of u?
2
Suppose 0 = 24*k - 28*k + 1280. Suppose 0 = 33*i - 37*i + k. What is the units digit of i?
0
Suppose 9*i = 7*i + 838. Let j = 756 - i. What is the units digit of j?
7
Let b = 56 + -54. Suppose 3*w = -y - b, 6*w + y = 5*w + 2. What is the hundreds digit of 164 - 8/(-2 + w)?
1
Let h be (-9)/63 - (-6)/(-42)*776. Suppose 3*u + 205 = 5*v + 719, 2*v = 3*u - 517. Let k = u + h. What is the units digit of k?
2
Suppose 0 = 18*n + 9*n + 15903. Let f = 220 - n. What is the hundreds digit of f?
8
Suppose -12*v + 11*v = -r - 2749, -v + 4*r + 2749 = 0. What is the tens digit of v?
4
Suppose 3*d - 126 = -11*d. Suppose -d*n - 7*n = -2848. What is the units digit of n?
8
Suppose 0 = 2*s - 5*j - 32706, 3*s - 6*s + 49101 = 3*j. What is the thousands digit of s?
6
Suppose 0 = 9*m - 0*m - 45. Suppose -5*i = 3*h, -m*i + 0 = 4*h + 5. Suppose -i*w = 5*o - 213, -4*o + 0*w = 4*w - 164. What is the units digit of o?
5
Let g = -478 - -538. What is the hundreds digit of (576/(-45))/((-1)/g)?
7
Let l(a) = -22*a + 66. Let g be l(-16). Let c be 19 + -20 + (1 - -597). Let y = c - g. What is the tens digit of y?
7
Suppose 4*h - 22 = 3*t, -2*h + t - 5*t = 0. Suppose 3*n - q - q - 5 = 0, h*n - 40 = -4*q. Let b(r) = r**3 - 6*r**2 + 27*r - 1. What is the units digit of b(n)?
9
Let h(j) = 8*j**2 - 47*j + 265. What is the units digit of h(34)?
5
Suppose 2*p + 10 + 80 = 5*t, -135 = 3*p - 5*t. Let l be 2*(p/10)/3. What is the units digit of (-207)/18*12/l?
6
Let t(y) = -y**3 + 11*y**2 - 11*y + 14. Let b be t(10). Suppose 0 = 10*z - b*z - 18. Suppose -2*q = -6, z*s - s = -3*q + 455. What is the units digit of s?
3
Let n = 20944 - 4528. What is the hundreds digit of n?
4
Let b(q) be the first derivative of 14*q + 1/2*q**2 - 16. What is the units digit of b(-7)?
7
Let a(m) = m**3 + 88*m**2 + 365*m - 54. What is the thousands digit of a(-73)?
3
Suppose 25 = 7*h + 11. Suppose 0 = 5*u + y + 106, y - 22 = u + h*y. What is the units digit of (0 - 28/12)*u?
9
Let z = -150 - -218. Let r = z - -101. What is the units digit of r?
9
Suppose -2*u + 4386 = -4990. What is the tens digit of u?
8
Let o = -103 + 293. Let a = 215 - o. What is the tens digit of a?
2
Let u = 99 - 97. Let s be (-4)/3*(-3)/u. Suppose 3*n + s*m = 133, -n = -3*m - 0*m - 59. What is the units digit of n?
7
Suppose -944